e a(0).
109
Let v(t) = t**3 - 9*t**2 - 17*t - 218. Determine v(14).
524
Let z(c) = c**3 + 54*c**2 + 263*c + 5610. What is z(-51)?
0
Let b(s) = -s**3 + 34*s**2 - 119*s + 1825. Calculate b(32).
65
Let t(j) = -1642*j - 11509. Determine t(-7).
-15
Let y(k) = k**3 + 14*k**2 - 96*k - 6. Determine y(5).
-11
Let t(m) = 20*m + 12. Give t(0).
12
Let n(i) = -6*i**3 + 110*i**2 - 225*i + 25. Give n(16).
9
Let d(c) = -68*c + 23. Determine d(-7).
499
Let d(q) = -14*q**3 - 56*q**2 - 106*q + 2. Give d(-2).
102
Let z(d) = 4*d**3 + 32*d**2 + 6. Calculate z(-8).
6
Let x(p) = -2*p**2 + 89*p + 29. Determine x(44).
73
Let f(v) = -v - 775. Determine f(-25).
-750
Let l(x) = -x**2 - 21*x + 242. Calculate l(-31).
-68
Let p(l) = -3*l**3 - 19*l - 65. Give p(-5).
405
Let c(h) = -30*h + 120. Calculate c(4).
0
Let x(h) = 4*h**3 - 75*h**2 - 18*h - 13. Give x(19).
6
Let p(o) = o**2 - 48*o + 399. Calculate p(9).
48
Let c(g) = 49*g**2 + 228*g - 96. Calculate c(-5).
-11
Let g(q) = -q**3 + 34*q**2 - 188*q - 25. Determine g(7).
-18
Let v(c) = -56*c + 3313. Calculate v(59).
9
Let q(s) = 17*s + 197. Calculate q(-2).
163
Let a(h) = h**3 - 14*h**2 - 55*h + 70. What is a(17)?
2
Let h(f) = 31*f + 261. Calculate h(-7).
44
Let o(q) = 11*q**2 + 828*q - 1457. What is o(-77)?
6
Let r(d) = -2*d**3 + 55*d**2 - 394*d + 241. What is r(14)?
17
Let g(n) = -n**3 + 23*n**2 - 57*n + 42. What is g(20)?
102
Let b(s) = 101*s + 557. What is b(-6)?
-49
Let u(z) = -175*z**2 + 4*z + 6. What is u(-1)?
-173
Let g(b) = -2*b**2 + 1767*b - 20909. Give g(12).
7
Let w(h) = -2*h**2 + 108*h - 493. What is w(49)?
-3
Let c(i) = 2*i**3 + 39*i**2 + 24*i + 25. Calculate c(-19).
-70
Let f(w) = 40*w - 605. Determine f(15).
-5
Let r(b) = 25*b**2 + 16*b + 13. Give r(-2).
81
Let n(i) = 5*i**2 + 3*i - 34. Determine n(5).
106
Let m(r) = -6*r + 458. Calculate m(74).
14
Let a(w) = -w**2 + w + 80. Determine a(12).
-52
Let r(g) = -111*g + 11873. What is r(107)?
-4
Let j(v) = -v**3 + 20*v**2 - 34*v - 55. What is j(18)?
-19
Let c(v) = 11*v**3 - 2068*v**2 - 2*v + 347. Determine c(188).
-29
Let i(f) = 976*f + 20516. Give i(-21).
20
Let t(x) = -x**3 + 23*x**2 - 141*x + 55. Calculate t(11).
-44
Let g(a) = 17*a**2 - 3*a + 15. Determine g(0).
15
Let s(k) = -29*k**2 + 114*k + 9. Calculate s(5).
-146
Let p(f) = 168*f - 3025. What is p(18)?
-1
Let n(m) = 3*m**2 - 6*m + 13. What is n(5)?
58
Let q(t) = -13*t + 499. Give q(36).
31
Let c(i) = i**2 + 52*i + 324. What is c(-9)?
-63
Let w(f) = -2*f**3 + 17*f**2 - 44*f + 36. Calculate w(2).
0
Let a(i) = i**2 + 3*i - 616. Give a(-26).
-18
Let g(q) = 3*q**3 + 20*q**2 - 8*q - 20. What is g(-7)?
-13
Let z(o) = -114*o + 1744. Determine z(15).
34
Let q(c) = -c**3 - 19*c**2 + 29*c + 105. Calculate q(-20).
-75
Let o(t) = -2*t**2 + 33*t - 128. What is o(14)?
-58
Let a(h) = -82*h + 2886. Calculate a(35).
16
Let p(s) = 6*s**2 + 25*s + 18. Give p(-3).
-3
Let l(y) = -10*y + 222. Calculate l(15).
72
Let n(b) = 5*b - 116. Calculate n(12).
-56
Let t(m) = -598*m + 10757. Give t(18).
-7
Let l(y) = y**2 + 111*y + 2840. Determine l(-71).
0
Let i(b) = 11*b**3 + 10*b**2 - 15*b - 4. Give i(2).
94
Let p(j) = -198*j - 26. Determine p(-2).
370
Let q(z) = 33*z**2 - 5*z - 27. What is q(-3)?
285
Let s(i) = i**3 - 10*i**2 + 10*i - 111. Calculate s(10).
-11
Let n(f) = -f**3 - 17*f**2 + 52*f + 628. Give n(-18).
16
Let g(l) = 4*l**3 + 3*l**2 - 79*l - 156. Determine g(-2).
-18
Let h(s) = 812*s - 8916. Determine h(11).
16
Let h(x) = -1057*x + 11748. Give h(11).
121
Let y(v) = -v**3 + 22*v**2 - 91*v + 334. Determine y(18).
-8
Let f(q) = q**3 - 18*q**2 - 51*q + 905. Determine f(18).
-13
Let w(t) = -441*t - 1250. Determine w(-3).
73
Let v(y) = -13*y**2 + 101*y - 8. What is v(8)?
-32
Let a(y) = 7488*y + 14985. What is a(-2)?
9
Let a(n) = 1142*n - 4564. Determine a(4).
4
Let w(c) = c**2 + 12*c - 24. Determine w(0).
-24
Let u(g) = -3*g**2 - 48*g - 105. What is u(-3)?
12
Let p(y) = -y**3 + 16*y**2 - 257*y + 5964. Give p(19).
-2
Let d(y) = y**3 - 26*y**2 + 39*y + 220. Determine d(25).
570
Let v(d) = 5*d**2 + 159*d - 53. Give v(-32).
-21
Let k(v) = v**3 - 32*v**2 + 240*v - 10. Determine k(20).
-10
Let q(v) = 59*v - 414. What is q(7)?
-1
Let p(c) = -31*c - 1778. What is p(-57)?
-11
Let r(g) = -37*g + 23. Calculate r(1).
-14
Let j(n) = 651*n + 22742. Determine j(-35).
-43
Let u(q) = -54*q - 905. Determine u(-16).
-41
Let z(k) = -k**3 - 125*k**2 + 127*k + 156. Determine z(-126).
30
Let s(h) = h**3 - 94*h**2 + 2013*h + 7. Determine s(33).
7
Let y(p) = p**3 + 7*p**2 + p - 24. Give y(-9).
-195
Let l(s) = s**3 + 7*s**2 - 32*s - 38. Calculate l(-9).
88
Let h(k) = -279*k - 1684. What is h(-6)?
-10
Let o(c) = 39*c - 230. Calculate o(18).
472
Let f(n) = 14*n + 479. What is f(-35)?
-11
Let a(s) = -s**3 - s**2 + 39*s + 101. Determine a(-4).
-7
Let m(k) = 6*k**2 - 403*k - 338. What is m(68)?
2
Let k(v) = -1427*v + 7134. What is k(5)?
-1
Let h(o) = -4*o**3 + 2*o**2 - 12*o - 30. What is h(-2)?
34
Let z(s) = -40*s + 267. Give z(6).
27
Let o(t) = -5*t**2 - 87*t - 74. Determine o(-18).
-128
Let h(k) = 33*k - 1560. Calculate h(50).
90
Let o(g) = 73*g - 183. What is o(4)?
109
Let q(u) = u**3 + 32*u**2 - 18*u + 53. What is q(-33)?
-442
Let k(r) = r**2 - 12*r - 75. Calculate k(17).
10
Let r(n) = 42*n - 747. Give r(18).
9
Let x(c) = -14*c + 427. Calculate x(32).
-21
Let t(o) = -14*o**2 - 175*o - 4. What is t(-11)?
227
Let o(c) = -28*c - 54. Calculate o(-4).
58
Let o(u) = -u**3 - 22*u**2 - 27*u - 53. Determine o(-21).
73
Let y(z) = -z**2 - 56*z - 250. What is y(-56)?
-250
Let c(p) = p**2 - 35*p - 233. Determine c(39).
-77
Let r(x) = -x**2 - 12*x + 228. Give r(-24).
-60
Let j(i) = i**3 - 89*i + 243. Determine j(3).
3
Let j(f) = -1401*f - 6985. Calculate j(-5).
20
Let d(k) = -181*k + 8085. Determine d(45).
-60
Let n(v) = -190*v - 1133. Determine n(-6).
7
Let n(f) = f**3 + 27*f**2 + 26*f + 17. Give n(-26).
17
Let v(s) = 35*s - 202. What is v(7)?
43
Let o(y) = -2*y**2 + 8*y - 24. Calculate o(0).
-24
Let t(a) = a**3 + 33*a**2 + 239*a - 71. Determine t(-22).
-5
Let j(i) = 237*i - 168. Give j(1).
69
Let z(c) = 42*c - 287. Give z(0).
-287
Let f(i) = i**2 + 32. Give f(-11).
153
Let y(b) = 2*b**3 + 3*b**2 + 7*b + 6. Determine y(-2).
-12
Let n(f) = f**3 - 85*f**2 - 544*f + 102. Give n(91).
284
Let w(f) = 3*f - 10. Give w(40).
110
Let g(x) = 762*x + 3048. Determine g(-4).
0
Let a(d) = -1566*d + 3128. Calculate a(2).
-4
Let b(y) = -15*y**3 + 91*y**2 + 45*y - 267. Calculate b(6).
39
Let l(x) = -333*x + 4661. Calculate l(14).
-1
Let c(j) = 4*j - 86. Calculate c(-14).
-142
Let s(p) = -2*p**2 - 547*p + 6254. Determine s(11).
-5
Let x(g) = 376*g + 31965. Calculate x(-85).
5
Let g(i) = -3*i**2 + 121*i - 840. What is g(9)?
6
Let b(v) = -v**3 + 50*v**2 - 142*v + 86. What is b(47)?
39
Let k(c) = -c**3 - 14*c**2 + c - 19. Calculate k(-14).
-33
Let j(o) = 334*o + 3721. Determine j(-11).
47
Let r(l) = 38*l + 940. Determine r(-21).
142
Let b(r) = -49*r + 374. Give b(8).
-18
Let s(m) = 53*m + 285. What is s(-7)?
-86
Let j(g) = g**2 + 412*g - 823. Determine j(2).
5
Let d(f) = -1409*f - 9745. Calculate d(-7).
118
Let y(q) = q**2 + 38*q - 99. Give y(-42).
69
Let c(w) = w**3 - 27*w**2 - 29*w - 11. Determine c(28).
-39
Let a(u) = -11*u - 461. What is a(-39)?
-32
Let h(u) = u**3 + 21*u**2 + 96*u - 43. Determine h(-8).
21
Let t(i) = -2*i**2 + 225*i + 2577. Determine t(123).
-6
Let u(h) = -h - 13. Calculate u(13).
-26
Let y(w) = -w**3 + 19*w**2 - 11*w + 30. Give y(19).
-179
Let y(c) = -18*c**3 + 486*c**2 + 13*c - 71. Give y(27).
280
Let h(o) = -o**3 - 8*o**2 + 42*o + 18. Calculate h(4).
-6
Let n(l) = -4*l**3 + 50*l**2 - 21*l - 17. What is n(12)?
19
Let a(q) = -q**3 - 34*q**2 + 75*q + 137. Determine a(-36).
29
Let v(c) = -12*c**2 + 257*c + 17. What is v(22)?
-137
Let d(r) = 19*r**2 + 195*r - 199. Determine d(1).
15
Let m(v) = 7*v**2 - 4497*v + 8994. Give m(2).
28
Let z(r) = -r**2 + 44*r + 88. What is z(46)?
-4
Let m(h) = h**3 - 48*h**2 + 558*h - 14. Give m(19).
119
Let z(m) = -19*m - 203. What is z(-15)?
82
Let z(t) = 31*t**2 + 310*t + 5. Calculate z(-10).
5
Let t(k) = -25*k**2 - 424*k + 19. Determine t(-17).
2
Let m(w) = 7*w**2 - 300*w + 1532. Determine m(37).
15
Let l(m) = -m**3 + 39*m**2 + 129*m - 109. Give l(42).
17
Let w(j) = j**2 - 235*j + 13727. Calculate w(126).
-7
Let r(a) = 2*a**3 - 4*a**2